-3))/(3 + a). Suppose k*h - 5 = 19. What is the highest common factor of h and 24?
8
Let a be 3 - 1 - 3/(-1). Suppose -5*k + a*d = -245, k - 191 = -3*k + 5*d. Calculate the highest common divisor of k and 6.
6
Let r = 21 + -14. Suppose 2*z = -9 - r. Let f be (-15)/(-2)*z/(-5). Calculate the greatest common factor of 3 and f.
3
Let o be (22 - 2)*(-35)/(-28). What is the greatest common factor of o and 25?
25
Suppose -6*v - 186 = -3*v. Suppose 0*w + 2*w + 5*y = -204, 172 = -2*w + 3*y. Let q = v - w. Calculate the highest common divisor of 15 and q.
15
Let s(q) = 2 - q**2 + 0 + 1 - 3*q. Let b be s(-3). Calculate the highest common factor of b and 27.
3
Let t = 153 + -81. Calculate the highest common factor of t and 8.
8
Let v be ((-2)/(-4))/((-2)/(-24)). Let z be -2 + (-2 + -2)*-1. Suppose -d - 3*m = -0*d - 48, 220 = 4*d - z*m. Calculate the highest common factor of v and d.
6
Let x = -339 - -491. What is the greatest common factor of x and 19?
19
Suppose 3*f - 33 = 4*v, v = -0*v + 3. Let o be 497/11 + (-4)/22. What is the highest common factor of o and f?
15
Let i(x) = -x**2 + 5*x - 3. Let b be i(3). Suppose 0 = -u + 12 + b. Let a(j) = j**2 - 3*j - 7. Let z be a(5). What is the greatest common factor of u and z?
3
Suppose 17 = 2*f - 4*p - 29, 3*f - 67 = 5*p. What is the greatest common factor of f and 190?
19
Let y be (3 - 4)*((-49)/1 - -3). Calculate the highest common divisor of 69 and y.
23
Let n be (-6)/(-12)*(0 - 0). Suppose 0 = -2*w + y + 27, n = w - 2*y - 15. Calculate the highest common divisor of 26 and w.
13
Let o be (-4 - -4) + 1 + 12. Calculate the highest common divisor of o and 13.
13
Suppose 0 = 3*i + 6, -6 = z - 5*i - 46. Let s = 0 + 20. Calculate the greatest common divisor of z and s.
10
Let x = 42 - -14. Let k be 872/36 + (-2)/9. Let b = k + -17. What is the greatest common divisor of x and b?
7
Suppose 3*h - 35 = -2. Suppose 0 = 8*c - 390 - 50. Calculate the highest common divisor of c and h.
11
Let u be -2 + -2*54/(-4). Suppose 2*s = u + 129. Calculate the greatest common divisor of s and 11.
11
Let s be ((-5)/2)/(2/(-52)). Suppose p = -0*p - s. Let i = -16 - p. What is the highest common factor of i and 7?
7
Suppose -7 + 223 = 3*z. Calculate the highest common factor of z and 18.
18
Suppose 48 = y - 2*a + 14, 2*y + 2*a = 44. Let z(r) = 2*r**2 - 12*r + 11. Let w be z(9). Calculate the highest common factor of y and w.
13
Suppose 5*h + 0*h - 303 = 2*a, -2*a = -2*h + 312. Let m = -113 - a. Suppose 2*q = -v + 39, 5*q - m = -3*v + 51. What is the highest common divisor of q and 10?
10
Let r(z) = -z**2 - 3*z - 1. Let y be r(-6). Let n(q) = -15*q + 7. Let i be n(6). Let l = y - i. Calculate the highest common factor of 8 and l.
8
Suppose 26*w - 31*w = -300. What is the greatest common factor of w and 140?
20
Let m = 4 + -2. Suppose -m*y = 3*y - 180. Calculate the highest common factor of y and 54.
18
Let z(w) = w + 7. Let s be z(0). Let j(i) = -i**3 - 2*i**2 + 5*i - 2. Let g be j(-4). Let v be (1 + -3)*(-35)/g. What is the greatest common factor of s and v?
7
Let h be 2/7 + (-52)/(-14). Calculate the highest common divisor of h and 8.
4
Let z be (-171)/(-15) - (-3)/5. Calculate the greatest common divisor of 96 and z.
12
Let p be (-164)/10 + 2/5. Let h be (p/6 + 3)*18. What is the greatest common divisor of h and 18?
6
Suppose -8*i + 6 = -5*i. What is the greatest common divisor of i and 6?
2
Let z(h) = 5*h + 5. Let c be 6/21 - 60/14. Let i be z(c). Let v be (-3)/i + (-268)/(-10). Calculate the greatest common factor of 3 and v.
3
Let w(h) = -2*h + 20. Let i be w(-9). Calculate the highest common divisor of i and 19.
19
Let p(w) = 2*w**2 + w - 3. Let a be p(3). Calculate the highest common divisor of a and 6.
6
Let o(s) = -s - 7. Let n be o(-9). Let g = 4 + 8. Suppose -n*j + 0*j = -g. What is the greatest common divisor of j and 9?
3
Suppose -411 = 3*u - 7*u + 5*v, -4*u - 5*v + 421 = 0. What is the highest common divisor of u and 13?
13
Let j be -2 - -9 - (-2 + 1). Suppose 13 = n - j. Calculate the highest common divisor of n and 7.
7
Suppose -4*h + 5*h = 0. Suppose -4*l + 7 - 23 = h. Let y be (1/(-2))/(l/120). What is the greatest common factor of y and 105?
15
Let l(n) be the second derivative of -1/6*n**3 + 17*n**2 - 2*n + 0. Let t be l(0). Calculate the greatest common factor of t and 17.
17
Suppose -5*j = 2*u - 430, -j + 119 = u + 30. Suppose -4*y + j = 4*s + 4, -3*y - 60 = -5*s. Calculate the highest common divisor of 6 and s.
3
Let g(h) be the first derivative of h**2/2 - h - 3. Let k be g(5). Calculate the highest common factor of 44 and k.
4
Let m be (5/(-2) - 0)*-2. Let b = 20 - -20. What is the highest common divisor of b and m?
5
Let b(r) = r - 6. Let g be b(10). Suppose -4*a + a - 30 = -3*y, 0 = -2*a + g. Calculate the greatest common factor of 60 and y.
12
Suppose 0*y + 39 = 3*y. Let q = -3 + y. Calculate the highest common divisor of 10 and q.
10
Let j = 131 - 94. Suppose 5*u - 3*v - 44 = 0, -2*v + 60 = 5*u + 3*v. Suppose -s = u - j. Calculate the highest common divisor of s and 18.
9
Let g = -45 + 72. Suppose -4*b = -g - 13. What is the greatest common divisor of b and 25?
5
Let o be 5765/35 - (-10)/35. Calculate the highest common divisor of o and 66.
33
Let v = 2 - -3. Suppose -v - 10 = -3*w. Suppose -p - 275 = -6*p. Calculate the highest common divisor of p and w.
5
Let d = 80 + -64. What is the highest common factor of 2 and d?
2
Let x(z) = 2*z - 6. Let q be x(9). Calculate the highest common divisor of 36 and q.
12
Let a be (-210)/(-4) - 3/(-2). Calculate the highest common factor of a and 6.
6
Suppose -5 = -2*b + 3. Let j be (13 - -1) + 0 + -2. Calculate the greatest common factor of b and j.
4
Let y = 165 - 241. Let s be (-9)/6 + y/(-8). What is the highest common divisor of 8 and s?
8
Suppose -g + 39 = -0. Suppose 9*v = 11*v - 52. Calculate the highest common divisor of g and v.
13
Suppose -7*p + 10*p = 60. Calculate the greatest common factor of p and 10.
10
Let z = 120 - 70. Calculate the greatest common divisor of z and 100.
50
Let c be (-4)/(-4)*(2 + -2). Suppose c*r + 12 = r. What is the highest common factor of r and 3?
3
Suppose 2*j = -j + 24. Let n = 60 - -28. What is the greatest common divisor of j and n?
8
Suppose -2*w = -5*k - 10, 5*w + 5*k - 20 = w. Suppose -w*u + 197 = 4*y, 3*y - 5*u = -2*y + 235. What is the highest common factor of 24 and y?
24
Let r be (78/12)/((-2)/(-4)). Let l(s) = -2*s**3 + s - 1. Let y = 3 + -5. Let p be l(y). What is the highest common divisor of p and r?
13
Suppose 3*p + 2*h = 4*h + 15, -2*p - 4*h = -10. Suppose -3*o = 2*c + p, o + c - 5 = 2*o. Let a be 2/(-6)*o - -12. What is the highest common factor of a and 13?
13
Suppose -g + 49 = -2*b, g = 4*g - b - 152. Calculate the highest common factor of 17 and g.
17
Let o = -36 - -76. Suppose 152 + o = 4*k. Calculate the highest common divisor of 6 and k.
6
Let m(r) be the second derivative of -r**5/20 - r**4/12 + 2*r**3/3 + 3*r**2/2 - r. Let i be m(-3). What is the greatest common divisor of i and 3?
3
Let z = 33 - 17. What is the greatest common divisor of z and 144?
16
Let g be (16/(-6))/((6/45)/(-1)). Calculate the highest common divisor of 30 and g.
10
Let s = -3 - -11. Suppose p = 3*q + 108, 5*q - 152 = -2*p + 31. Let z = p - 67. What is the greatest common factor of s and z?
8
Let b(i) = i - 1. Let w be b(5). Suppose w*p - 4 = 12. Suppose 4*f - 3*v = -5*v + 30, p*f - 5*v = -5. What is the greatest common factor of 2 and f?
1
Let f(x) = 3*x**2 - 4*x + 3. Let o be f(2). Suppose -2*y = -o*y + 30. Calculate the highest common factor of 3 and y.
3
Let q(u) = 8*u - 43. Let n be q(8). What is the greatest common factor of 105 and n?
21
Let f(b) = -b**2 + 12*b - 15. Let n be f(9). What is the highest common divisor of n and 8?
4
Let l = -60 - -73. What is the greatest common factor of 39 and l?
13
Suppose 0 = -c + 13 + 5. Suppose -4*d + c = -d. Calculate the highest common divisor of 4 and d.
2
Let l = 1 - 1. Suppose l = 3*k - 4 - 17. Suppose k*r - 144 = 3*r. What is the greatest common divisor of 24 and r?
12
Suppose 19 = -0*x + x. Let s be (-460)/(-6) + (-2)/3. What is the highest common factor of x and s?
19
Let p = -34 - -68. Calculate the highest common factor of p and 85.
17
Suppose 5*n = 144 + 1. Let v = 19 + n.